se 8?
23712345
What is 101010000011011111110 (base 2) in base 12?
565592
11111010000011101 (base 2) to base 9
214554
What is 65343 (base 15) in base 12?
135b83
b46b2 (base 14) to base 7
3460612
What is -421239 (base 11) in base 10?
-675101
Convert 315233 (base 8) to base 14.
2a443
Convert -79994 (base 10) to base 4.
-103201322
158b32 (base 13) to base 16
82446
-211202110012101 (base 3) to base 15
-10dd73a
-15a989 (base 12) to base 15
-74eb3
Convert -1b09130 (base 13) to base 7.
-135624640
Convert 111010110000111100000011 (base 2) to base 13.
326498b
-16204641 (base 8) to base 7
-43526003
Convert -22517a (base 12) to base 16.
-85cae
-89918c (base 14) to base 4
-101310331020
Convert 4430012120 (base 5) to base 8.
44522055
What is -16046c8 (base 13) in base 9?
-14256641
What is -2724066 (base 9) in base 11?
-92a228
What is 1201220120200 (base 3) in base 16?
e16c9
-112232412 (base 5) to base 8
-1741102
24333160 (base 8) to base 4
110123121300
Convert 4365423 (base 11) to base 7.
122101132
What is a7e01 (base 16) in base 11?
42a687
What is -202010001120112 (base 3) in base 14?
-15c35b3
-72801 (base 16) to base 10
-468993
-1011001101001111001 (base 2) to base 14
-97b85
-158ba (base 12) to base 4
-13133032
149b500 (base 13) to base 10
6594042
55460 (base 12) to base 9
181860
-330021210 (base 4) to base 7
-2044200
Convert -23005034 (base 7) to base 13.
-5511a7
Convert 233233042 (base 5) to base 4.
10011132232
What is -6066641 (base 8) in base 9?
-3010050
What is 251856 (base 13) in base 9?
1604440
-24684 (base 9) to base 6
-204504
-265265 (base 10) to base 16
-40c31
Convert -13400422 (base 5) to base 10.
-137612
Convert -1554545 (base 7) to base 13.
-77027
What is 3530743 (base 8) in base 6?
32350311
-98c34 (base 15) to base 3
-220122210211
Convert -7109367 (base 10) to base 8.
-33075367
245363 (base 11) to base 10
387753
Convert -307157 (base 14) to base 12.
-668bb5
-594e44 (base 16) to base 5
-2444241430
What is 221732 (base 9) in base 16?
205c1
18a507 (base 12) to base 16
69a57
225130513 (base 6) to base 13
b2a55c
Convert 13320402 (base 6) to base 14.
b8750
-1319095 (base 11) to base 4
-20230333132
-11133206 (base 8) to base 5
-1103443042
11011011110111100 (base 2) to base 16
1b7bc
What is -30224332 (base 5) in base 12?
-b8397
What is -110110100010101010 (base 2) in base 7?
-1620214
Convert 112300443 (base 5) to base 7.
4221263
511355 (base 10) to base 2
1111100110101111011
-8b017 (base 12) to base 15
-39bca
Convert 2120101001020 (base 3) to base 10.
1365450
150430653 (base 7) to base 14
1472a63
Convert -20143314 (base 5) to base 10.
-162334
2014561 (base 7) to base 5
30124414
What is -32776 (base 8) in base 3?
-200221221
What is 101100110010100111111010 (base 2) in base 8?
54624772
Convert 21132224 (base 5) to base 16.
2b425
What is -10a8245 (base 11) in base 8?
-7267316
What is -645670 (base 14) in base 5?
-1332124402
-3015002 (base 6) to base 10
-142346
-117710 (base 11) to base 5
-21421432
-6113c6 (base 13) to base 12
-90b495
What is 32032421 (base 5) in base 14?
6d88d
What is 1630255 (base 7) in base 4?
313020220
Convert 98929 (base 11) to base 14.
3a449
Convert -1191452 (base 11) to base 5.
-1012110003
What is -1120100211 (base 4) in base 6?
-11425353
23211 (base 16) to base 9
238336
What is 13333130 (base 4) in base 13?
11b8b
Convert -1314247 (base 9) to base 16.
-af5be
Convert 3423232 (base 5) to base 11.
41976
1100111101011001 (base 2) to base 11
36976
Convert 20102012002000 (base 3) to base 12.
1184876
What is 691515 (base 10) in base 16?
a8d3b
What is -3b09a (base 14) in base 3?
-21101200102
What is 331131113 (base 4) in base 12?
10181b
Convert 144055012 (base 6) to base 16.
2dad90
Convert 11010000001010111110 (base 2) to base 14.
182a50
-2153323 (base 6) to base 7
-630600
What is 101111011101000101 (base 2) in base 11?
123043
214700 (base 9) to base 14
349b0
What is -733053 (base 12) in base 14?
-351503
2b393 (base 13) to base 16
13ffc
Convert 20994c (base 13) to base 10.
763944
What is 1195a (base 13) in base 10?
32354
Convert -118503 (base 11) to base 16.
-2da44
Convert 70207363 (base 8) to base 15.
1465302
What is -1793b88 (base 13) in base 6?
-432504355
What is 263173 (base 8) in base 3?
11122212221
Convert -164697a (base 12) to base 5.
-2132324203
Convert -100110001000101001 (base 2) to base 16.
-26229
-30133120200 (base 4) to base 9
-6140410
-10220022000121 (base 3) to base 9
-3808017
102111100110 (base 3) to base 7
1631415
Convert -115462 (base 8) to base 10.
-39730
What is 340044 (base 8) in base 14?
2db48
1b1b798 (base 14) to base 6
1201404414
Convert -1100222202102 (base 3) to base 12.
-2b1425
541645 (base 7) to base 10
94309
-10131003121 (base 4) to base 8
-4350331
Convert 1ca2fa (base 16) to base 13.
5092bb
-547453 (base 11) to base 15
-123d03
What is 1541b (base 12) in base 2?
111010100010111
-6b7322 (base 14) to base 6
-210351414
Convert -115502541 (base 6) to base 12.
-8b7a51
What is -11021012122211 (base 3) in base 13?
-615223
-2324142321 (base 5) to base 8
-24165064
1100100011011000001110 (base 2) to base 9
6164814
2322533 (base 6) to base 14
3197b
Convert 101100001011011 (base 2) to base 10.
22619
-add34 (base 16) to base 14
-147684
Convert 183642 (base 9) to base 5.
12123443
Convert 738893 (base 13) to base 6.
133541302
Convert 307304 (base 9) to base 8.
544341
-1b2b28d (base 14) to base 9
-27446356
What is -261700 (base 14) in base 15?
-1ad35a
-15a22 (base 13) to base 3
-2002121022
Convert 101c8df (base 16) to base 4.
1000130203133
Convert -1161751 (base 10) to base 7.
-12606013
Convert 114460 (base 7) to base 3.
1001120001
1122000212 (base 3) to base 4
13311203
What is 656306 (base 10) in base 8?
2401662
What is 1230252 (base 10) in base 3?
2022111120220
25303163 (base 8) to base 13
1213273
Convert 312231211 (base 4) to base 8.
665545
-6736a0 (base 14) to base 12
-1210710
-12442 (base 7) to base 16
-cf1
Convert -1174679 (base 11) to base 5.
-1010304420
Convert -410655 (base 9) to base 2.
-111011011001011101
Convert 241e6b (base 15) to base 6.
101011232
What is 50411332 (base 6) in base 9?
2622822
Convert -254852 (base 9) to base 12.
-75502
What is 1216837 (base 10) in base 4?
10221011011
38180 (base 14) to base 9
228556
Convert -45034603 (base 7) to base 14.
-734173
-13312002 (base 4) to base 2
-111110110000010
Convert 303152554 (base 6) to base 4.
103303333312
-1011100010001101 (base 2) to base 15
-deea
What is -11581160 (base 10) in base 13?
-2526476
1051301302 (base 6) to base 15
103180b
-17952c9 (base 13) to base 4
-131112200331
-90a6684 (base 11) to base 8
-75323677
897551 (base 10) to base 7
10425524
-11796 (base 11) to base 14
-624c
Convert 196280 (base 14) to base 9.
1622265
What is 434101 (base 7) in base 10?
75853
c1846 (base 15) to base 16
95985
What is -4b92 (base 14) in base 13?
-6060
11a77 (base 16) to base 12
35a1b
Convert 965d38 (base 15) to base 12.
2492422
Convert 110110000111100111 (base 2) to base 10.
221671
Convert -122122220002 (base 3) to base 8.
-1247006
Convert -124140100 (base 5) to base 6.
-21103201
3822a (base 14) to base 11
94449
What is -332f98 (base 16) in base 4?
-30302332120
What is 11101010011100010 (base 2) in base 5?
12320114
-1062658 (base 11) to base 6
-103532202
-127a240 (base 11) to base 8
-10333722
-425015 (base 9) to base 15
-4ee52
11112012140 (base 5) to base 9
24884211
What is -c71157 (base 15) in base 9?
-18734141
-c527c (base 14) to base 8
-1640116
432432214 (base 5) to base 13
4c6a27
What is -403480 (base 9) in base 4?
-322102323
-122768 (base 10) to base 12
-5b068
-6a0a1 (base 11) to base 16
-18b93
What is -2034332103 (base 5) in base 3?
-21221010102021
11130231 (base 4) to base 15
692c
1438892 (base 10) to base 9
2632708
What is -113426261 (base 7) in base 6?
-410211132
Convert -100101001011101110101110 (base 2) to base 10.
-9747374
813866 (base 11) to base 3
2110110100111
Convert 103cc (base 14) to base 13.
14ab2
What is -264586 (base 11) in base 14?
-ab843
What is 13061126 (base 7) in base 5?
301110213
Convert 22031241 (base 6) to base 13.
1a02b1
What is 155af2 (base 16) in base 3?
2122002210202
What is -3617724 (base 10) in base 2?
-1101110011001110111100
Convert -222116 (base 14) to base 12.
-47a2b4
-4615241 (base 11) to base 8
-36631625
-104340251 (base 6) t